Last updated on 2025-10-27 04:50:05 CET.
| Flavor | Version | Tinstall | Tcheck | Ttotal | Status | Flags |
|---|---|---|---|---|---|---|
| r-devel-linux-x86_64-debian-clang | 0.1.12 | 12.39 | 109.75 | 122.14 | OK | |
| r-devel-linux-x86_64-debian-gcc | 0.1.12 | 9.66 | 81.63 | 91.29 | OK | |
| r-devel-linux-x86_64-fedora-clang | 0.1.12 | 61.00 | 133.81 | 194.81 | NOTE | |
| r-devel-linux-x86_64-fedora-gcc | 0.1.12 | 27.00 | 166.74 | 193.74 | NOTE | |
| r-devel-windows-x86_64 | 0.1.12 | 18.00 | 105.00 | 123.00 | OK | |
| r-patched-linux-x86_64 | 0.1.12 | 12.96 | 104.23 | 117.19 | OK | |
| r-release-linux-x86_64 | 0.1.12 | 12.55 | 104.05 | 116.60 | OK | |
| r-release-macos-arm64 | 0.1.12 | 8.00 | 66.00 | 74.00 | OK | |
| r-release-macos-x86_64 | 0.1.12 | 11.00 | 93.00 | 104.00 | OK | |
| r-release-windows-x86_64 | 0.1.12 | 19.00 | 106.00 | 125.00 | OK | |
| r-oldrel-macos-arm64 | 0.1.12 | 7.00 | 66.00 | 73.00 | NOTE | |
| r-oldrel-macos-x86_64 | 0.1.12 | 12.00 | 107.00 | 119.00 | NOTE | |
| r-oldrel-windows-x86_64 | 0.1.12 | 22.00 | 134.00 | 156.00 | OK |
Version: 0.1.12
Check: compiled code
Result: NOTE
File ‘INLAspacetime/libs/INLAspacetime.so’:
Found no calls to: ‘R_registerRoutines’, ‘R_useDynamicSymbols’
It is good practice to register native routines and to disable symbol
search.
See ‘Writing portable packages’ in the ‘Writing R Extensions’ manual.
Flavors: r-devel-linux-x86_64-fedora-clang, r-devel-linux-x86_64-fedora-gcc
Version: 0.1.12
Check: package dependencies
Result: NOTE
Package suggested but not available for checking: ‘INLA’
Flavors: r-oldrel-macos-arm64, r-oldrel-macos-x86_64
Version: 0.1.12
Check: Rd cross-references
Result: NOTE
Package unavailable to check Rd xrefs: ‘INLA’
Flavors: r-oldrel-macos-arm64, r-oldrel-macos-x86_64