Last updated on 2025-10-30 04:50:21 CET.
| Flavor | Version | Tinstall | Tcheck | Ttotal | Status | Flags | 
|---|---|---|---|---|---|---|
| r-devel-linux-x86_64-debian-clang | 1.0.5 | 2.54 | 212.31 | 214.85 | NOTE | |
| r-devel-linux-x86_64-debian-gcc | 1.0.5 | 2.21 | 132.84 | 135.05 | NOTE | |
| r-devel-linux-x86_64-fedora-clang | 1.0.5 | 11.00 | 363.79 | 374.79 | OK | |
| r-devel-linux-x86_64-fedora-gcc | 1.0.5 | 362.82 | OK | |||
| r-devel-windows-x86_64 | 1.0.5 | 4.00 | 210.00 | 214.00 | OK | |
| r-patched-linux-x86_64 | 1.0.5 | 2.66 | 199.03 | 201.69 | OK | |
| r-release-linux-x86_64 | 1.0.5 | 2.77 | 203.32 | 206.09 | OK | |
| r-release-macos-arm64 | 1.0.5 | 2.00 | 119.00 | 121.00 | OK | |
| r-release-macos-x86_64 | 1.0.5 | 3.00 | 221.00 | 224.00 | OK | |
| r-release-windows-x86_64 | 1.0.5 | 4.00 | 206.00 | 210.00 | OK | |
| r-oldrel-macos-arm64 | 1.0.5 | 1.00 | 99.00 | 100.00 | NOTE | |
| r-oldrel-macos-x86_64 | 1.0.5 | 2.00 | 149.00 | 151.00 | NOTE | |
| r-oldrel-windows-x86_64 | 1.0.5 | 5.00 | 274.00 | 279.00 | NOTE | 
Version: 1.0.5
Check: CRAN incoming feasibility
Result: NOTE
  Maintainer: ‘Minyu Wang <minyu.wang@petermac.org>’
  
  No Authors@R field in DESCRIPTION.
  Please add one, modifying
    Authors@R: c(person(given = c("Minyu", "Wang,Yu", "Sun,Yu-Kuan"),
                        family = "Huang",
                        role = "aut"),
                 person(given = "Minyu",
                        family = "Wang",
                        role = "cre",
                        email = "minyu.wang@petermac.org"))
  as necessary.
Flavors: r-devel-linux-x86_64-debian-clang, r-devel-linux-x86_64-debian-gcc
Version: 1.0.5
Check: LazyData
Result: NOTE
    'LazyData' is specified without a 'data' directory
Flavors: r-oldrel-macos-arm64, r-oldrel-macos-x86_64, r-oldrel-windows-x86_64