CRAN Package Check Results for Package Kcop

Last updated on 2025-05-06 05:50:45 CEST.

Flavor Version Tinstall Tcheck Ttotal Status Flags
r-devel-linux-x86_64-debian-clang 1.0.0 2.52 28.68 31.20 NOTE
r-devel-linux-x86_64-debian-gcc 1.0.0 1.87 21.96 23.83 NOTE
r-devel-linux-x86_64-fedora-clang 1.0.0 50.41 NOTE
r-devel-linux-x86_64-fedora-gcc 1.0.0 49.09 NOTE
r-devel-windows-x86_64 1.0.0 4.00 52.00 56.00 OK
r-patched-linux-x86_64 1.0.0 2.09 27.39 29.48 OK
r-release-linux-x86_64 1.0.0 2.07 27.15 29.22 OK
r-release-macos-arm64 1.0.0 24.00 OK
r-release-macos-x86_64 1.0.0 33.00 OK
r-release-windows-x86_64 1.0.0 4.00 51.00 55.00 OK
r-oldrel-macos-arm64 1.0.0 18.00 OK
r-oldrel-macos-x86_64 1.0.0 28.00 OK
r-oldrel-windows-x86_64 1.0.0 4.00 59.00 63.00 OK

Check Details

Version: 1.0.0
Check: CRAN incoming feasibility
Result: NOTE Maintainer: ‘Yves Ismael Ngounou Bakam <yvesngounou20@gmail.com>’ The Description field contains Bakam and Denys Pommeret (2022) <arXiv:2112.05623> and Yves I. Ngounou Bakam and Denys Pommeret (2022) <arXiv:2211.06338>. Please refer to arXiv e-prints via their arXiv DOI <doi:10.48550/arXiv.YYMM.NNNNN>. Flavors: r-devel-linux-x86_64-debian-clang, r-devel-linux-x86_64-debian-gcc

Version: 1.0.0
Check: dependencies in R code
Result: NOTE Namespace in Imports field not imported from: ‘base’ All declared Imports should be used. Flavors: r-devel-linux-x86_64-fedora-clang, r-devel-linux-x86_64-fedora-gcc