Last updated on 2025-11-24 04:49:59 CET.
| Flavor | Version | Tinstall | Tcheck | Ttotal | Status | Flags |
|---|---|---|---|---|---|---|
| r-devel-linux-x86_64-debian-clang | 1.0 | 6.24 | 64.63 | 70.87 | NOTE | |
| r-devel-linux-x86_64-debian-gcc | 1.0 | 5.53 | 49.44 | 54.97 | NOTE | |
| r-devel-linux-x86_64-fedora-clang | 1.0 | 16.00 | 97.22 | 113.22 | OK | |
| r-devel-windows-x86_64 | 1.0 | 9.00 | 81.00 | 90.00 | OK | |
| r-patched-linux-x86_64 | 1.0 | 7.51 | 63.46 | 70.97 | OK | |
| r-release-linux-x86_64 | 1.0 | 7.67 | 63.09 | 70.76 | OK | |
| r-release-macos-arm64 | 1.0 | OK | ||||
| r-release-macos-x86_64 | 1.0 | 10.00 | 93.00 | 103.00 | OK | |
| r-release-windows-x86_64 | 1.0 | 8.00 | 83.00 | 91.00 | OK | |
| r-oldrel-macos-arm64 | 1.0 | OK | ||||
| r-oldrel-macos-x86_64 | 1.0 | 5.00 | 46.00 | 51.00 | OK | |
| r-oldrel-windows-x86_64 | 1.0 | 11.00 | 93.00 | 104.00 | OK |
Version: 1.0
Check: CRAN incoming feasibility
Result: NOTE
Maintainer: ‘Ksenia N. Kyzyurova <ksenia.kyzyurova@gmail.com>’
No Authors@R field in DESCRIPTION.
Please add one, modifying
Authors@R: c(person(given = c("Ksenia", "N."),
family = "Kyzyurova",
role = c("aut", "cre"),
email = "ksenia.kyzyurova@gmail.com"),
person(family = "kseniak.ucoz.net",
role = "aut"))
as necessary.
Flavors: r-devel-linux-x86_64-debian-clang, r-devel-linux-x86_64-debian-gcc