Last updated on 2025-05-06 05:50:46 CEST.
Flavor | Version | Tinstall | Tcheck | Ttotal | Status | Flags |
---|---|---|---|---|---|---|
r-devel-linux-x86_64-debian-clang | 1.6.6 | 19.82 | 70.91 | 90.73 | NOTE | |
r-devel-linux-x86_64-debian-gcc | 1.6.6 | 10.40 | 51.58 | 61.98 | NOTE | |
r-devel-linux-x86_64-fedora-clang | 1.6.6 | 143.17 | OK | |||
r-devel-linux-x86_64-fedora-gcc | 1.6.6 | 135.31 | OK | |||
r-devel-windows-x86_64 | 1.6.6 | 22.00 | 93.00 | 115.00 | OK | |
r-patched-linux-x86_64 | 1.6.6 | 15.59 | 68.38 | 83.97 | OK | |
r-release-linux-x86_64 | 1.6.6 | 16.24 | 66.70 | 82.94 | OK | |
r-release-macos-arm64 | 1.6.6 | 55.00 | OK | |||
r-release-macos-x86_64 | 1.6.6 | 76.00 | OK | |||
r-release-windows-x86_64 | 1.6.6 | 22.00 | 95.00 | 117.00 | OK | |
r-oldrel-macos-arm64 | 1.6.6 | 42.00 | OK | |||
r-oldrel-macos-x86_64 | 1.6.6 | 62.00 | OK | |||
r-oldrel-windows-x86_64 | 1.6.6 | 26.00 | 110.00 | 136.00 | OK |
Version: 1.6.6
Check: CRAN incoming feasibility
Result: NOTE
Maintainer: ‘Charles Kooperberg <clk@fredhutch.org>’
No Authors@R field in DESCRIPTION.
Please add one, modifying
Authors@R: c(person(given = "Charles",
family = "Kooperberg",
role = c("aut", "cre"),
email = "clk@fredhutch.org"),
person(given = "Ingo",
family = "Ruczinski",
role = "aut",
email = "ingo@jhu.edu"))
as necessary.
Flavors: r-devel-linux-x86_64-debian-clang, r-devel-linux-x86_64-debian-gcc