Last updated on 2025-05-06 05:50:46 CEST.
Flavor | Version | Tinstall | Tcheck | Ttotal | Status | Flags |
---|---|---|---|---|---|---|
r-devel-linux-x86_64-debian-clang | 1.1 | 10.13 | 75.54 | 85.67 | NOTE | |
r-devel-linux-x86_64-debian-gcc | 1.1 | 6.53 | 55.33 | 61.86 | NOTE | |
r-devel-linux-x86_64-fedora-clang | 1.1 | 125.33 | NOTE | |||
r-devel-linux-x86_64-fedora-gcc | 1.1 | 126.15 | NOTE | |||
r-devel-windows-x86_64 | 1.1 | 12.00 | 82.00 | 94.00 | NOTE | |
r-patched-linux-x86_64 | 1.1 | 10.88 | 72.64 | 83.52 | NOTE | |
r-release-linux-x86_64 | 1.1 | 8.77 | 72.01 | 80.78 | NOTE | |
r-release-macos-arm64 | 1.1 | 62.00 | NOTE | |||
r-release-macos-x86_64 | 1.1 | 65.00 | NOTE | |||
r-release-windows-x86_64 | 1.1 | 10.00 | 82.00 | 92.00 | NOTE | |
r-oldrel-macos-arm64 | 1.1 | 36.00 | OK | |||
r-oldrel-macos-x86_64 | 1.1 | 54.00 | OK | |||
r-oldrel-windows-x86_64 | 1.1 | 15.00 | 102.00 | 117.00 | OK |
Version: 1.1
Check: DESCRIPTION meta-information
Result: NOTE
Missing dependency on R >= 4.1.0 because package code uses the pipe
|> or function shorthand \(...) syntax added in R 4.1.0.
File(s) using such syntax:
‘summary.mcpmod_simulation.R’
Flavors: r-devel-linux-x86_64-debian-clang, r-devel-linux-x86_64-debian-gcc, r-devel-linux-x86_64-fedora-clang, r-devel-linux-x86_64-fedora-gcc, r-devel-windows-x86_64, r-patched-linux-x86_64, r-release-linux-x86_64, r-release-macos-arm64, r-release-macos-x86_64, r-release-windows-x86_64