Last updated on 2025-11-27 04:49:57 CET.
| Flavor | Version | Tinstall | Tcheck | Ttotal | Status | Flags |
|---|---|---|---|---|---|---|
| r-devel-linux-x86_64-debian-clang | 1.1 | 1.77 | 30.59 | 32.36 | OK | |
| r-devel-linux-x86_64-debian-gcc | 1.1 | 1.56 | 23.07 | 24.63 | OK | |
| r-devel-linux-x86_64-fedora-clang | 1.1 | 15.00 | 41.06 | 56.06 | OK | |
| r-devel-linux-x86_64-fedora-gcc | 1.1 | 49.44 | OK | |||
| r-devel-windows-x86_64 | 1.1 | 4.00 | 46.00 | 50.00 | OK | |
| r-patched-linux-x86_64 | 1.1 | 1.71 | 29.99 | 31.70 | OK | |
| r-release-linux-x86_64 | 1.1 | 1.68 | 29.91 | 31.59 | OK | |
| r-release-macos-arm64 | 1.1 | OK | ||||
| r-release-macos-x86_64 | 1.1 | 2.00 | 29.00 | 31.00 | OK | |
| r-release-windows-x86_64 | 1.1 | 2.00 | 59.00 | 61.00 | OK | |
| r-oldrel-macos-arm64 | 1.1 | NOTE | ||||
| r-oldrel-macos-x86_64 | 1.1 | 2.00 | 24.00 | 26.00 | NOTE | |
| r-oldrel-windows-x86_64 | 1.1 | 2.00 | 53.00 | 55.00 | NOTE |
Version: 1.1
Check: LazyData
Result: NOTE
'LazyData' is specified without a 'data' directory
Flavors: r-oldrel-macos-arm64, r-oldrel-macos-x86_64, r-oldrel-windows-x86_64