Last updated on 2025-11-24 04:50:01 CET.
| Flavor | Version | Tinstall | Tcheck | Ttotal | Status | Flags |
|---|---|---|---|---|---|---|
| r-devel-linux-x86_64-debian-clang | 0.3 | 6.31 | 79.89 | 86.20 | NOTE | |
| r-devel-linux-x86_64-debian-gcc | 0.3 | 4.54 | 60.17 | 64.71 | NOTE | |
| r-devel-linux-x86_64-fedora-clang | 0.3 | 11.00 | 123.37 | 134.37 | OK | |
| r-devel-windows-x86_64 | 0.3 | 9.00 | 123.00 | 132.00 | OK | |
| r-patched-linux-x86_64 | 0.3 | 6.10 | 76.08 | 82.18 | OK | |
| r-release-linux-x86_64 | 0.3 | 6.22 | 75.73 | 81.95 | OK | |
| r-release-macos-arm64 | 0.3 | OK | ||||
| r-release-macos-x86_64 | 0.3 | 5.00 | 74.00 | 79.00 | OK | |
| r-release-windows-x86_64 | 0.3 | 7.00 | 123.00 | 130.00 | OK | |
| r-oldrel-macos-arm64 | 0.3 | OK | ||||
| r-oldrel-macos-x86_64 | 0.3 | 4.00 | 62.00 | 66.00 | OK | |
| r-oldrel-windows-x86_64 | 0.3 | 10.00 | 136.00 | 146.00 | OK |
Version: 0.3
Check: CRAN incoming feasibility
Result: NOTE
Maintainer: ‘Christopher R John <chris.r.john86@gmail.com>’
No Authors@R field in DESCRIPTION.
Please add one, modifying
Authors@R: person(given = c("Christopher", "R"),
family = "John",
role = c("aut", "cre"),
email = "chris.r.john86@gmail.com")
as necessary.
Flavors: r-devel-linux-x86_64-debian-clang, r-devel-linux-x86_64-debian-gcc