Last updated on 2025-04-29 05:50:12 CEST.
Flavor | Version | Tinstall | Tcheck | Ttotal | Status | Flags |
---|---|---|---|---|---|---|
r-devel-linux-x86_64-debian-clang | 0.1.5 | 122.87 | 78.70 | 201.57 | OK | |
r-devel-linux-x86_64-debian-gcc | 0.1.5 | 89.14 | 56.57 | 145.71 | OK | |
r-devel-linux-x86_64-fedora-clang | 0.1.5 | 310.38 | OK | |||
r-devel-linux-x86_64-fedora-gcc | 0.1.5 | 353.73 | OK | |||
r-devel-windows-x86_64 | 0.1.5 | 125.00 | 139.00 | 264.00 | OK | |
r-patched-linux-x86_64 | 0.1.5 | 129.89 | 73.09 | 202.98 | OK | |
r-release-linux-x86_64 | 0.1.5 | 130.92 | 70.52 | 201.44 | OK | |
r-release-macos-arm64 | 0.1.5 | 78.00 | OK | |||
r-release-macos-x86_64 | 0.1.5 | 126.00 | OK | |||
r-release-windows-x86_64 | 0.1.5 | 125.00 | 147.00 | 272.00 | OK | |
r-oldrel-macos-arm64 | 0.1.5 | 75.00 | NOTE | |||
r-oldrel-macos-x86_64 | 0.1.5 | 151.00 | NOTE | |||
r-oldrel-windows-x86_64 | 0.1.5 | 151.00 | 163.00 | 314.00 | OK |
Version: 0.1.5
Check: installed package size
Result: NOTE
installed size is 18.2Mb
sub-directories of 1Mb or more:
libs 17.0Mb
Flavors: r-oldrel-macos-arm64, r-oldrel-macos-x86_64