Last updated on 2025-11-24 04:50:02 CET.
| Flavor | Version | Tinstall | Tcheck | Ttotal | Status | Flags |
|---|---|---|---|---|---|---|
| r-devel-linux-x86_64-debian-clang | 1.4 | 2.18 | 24.52 | 26.70 | NOTE | |
| r-devel-linux-x86_64-debian-gcc | 1.4 | 1.71 | 20.12 | 21.83 | NOTE | |
| r-devel-linux-x86_64-fedora-clang | 1.4 | 41.75 | OK | |||
| r-devel-windows-x86_64 | 1.4 | 6.00 | 41.00 | 47.00 | OK | |
| r-patched-linux-x86_64 | 1.4 | 2.35 | 23.59 | 25.94 | OK | |
| r-release-linux-x86_64 | 1.4 | 1.66 | 23.37 | 25.03 | OK | |
| r-release-macos-arm64 | 1.4 | OK | ||||
| r-release-macos-x86_64 | 1.4 | 3.00 | 30.00 | 33.00 | OK | |
| r-release-windows-x86_64 | 1.4 | 4.00 | 40.00 | 44.00 | OK | |
| r-oldrel-macos-arm64 | 1.4 | NOTE | ||||
| r-oldrel-macos-x86_64 | 1.4 | 3.00 | 27.00 | 30.00 | NOTE | |
| r-oldrel-windows-x86_64 | 1.4 | 5.00 | 48.00 | 53.00 | NOTE |
Version: 1.4
Check: CRAN incoming feasibility
Result: NOTE
Maintainer: ‘Monica Calderon-Santiago <b42casam@uco.es>’
No Authors@R field in DESCRIPTION.
Please add one, modifying
Authors@R: person(given = "Monica",
family = "Calderon-Santiago",
role = c("aut", "cre"),
email = "b42casam@uco.es")
as necessary.
Flavors: r-devel-linux-x86_64-debian-clang, r-devel-linux-x86_64-debian-gcc
Version: 1.4
Check: LazyData
Result: NOTE
'LazyData' is specified without a 'data' directory
Flavors: r-oldrel-macos-arm64, r-oldrel-macos-x86_64, r-oldrel-windows-x86_64