Last updated on 2025-10-31 04:50:53 CET.
| Flavor | Version | Tinstall | Tcheck | Ttotal | Status | Flags | 
|---|---|---|---|---|---|---|
| r-devel-linux-x86_64-debian-clang | 1.1.3 | 2.44 | 32.67 | 35.11 | NOTE | |
| r-devel-linux-x86_64-debian-gcc | 1.1.3 | 1.93 | 25.75 | 27.68 | NOTE | |
| r-devel-linux-x86_64-fedora-clang | 1.1.3 | 53.75 | NOTE | |||
| r-devel-linux-x86_64-fedora-gcc | 1.1.3 | 69.64 | NOTE | |||
| r-devel-windows-x86_64 | 1.1.3 | 5.00 | 50.00 | 55.00 | NOTE | |
| r-patched-linux-x86_64 | 1.1.3 | 2.58 | 31.20 | 33.78 | NOTE | |
| r-release-linux-x86_64 | 1.1.3 | 2.14 | 31.56 | 33.70 | NOTE | |
| r-release-macos-arm64 | 1.1.3 | 1.00 | 26.00 | 27.00 | NOTE | |
| r-release-macos-x86_64 | 1.1.3 | 2.00 | 50.00 | 52.00 | NOTE | |
| r-release-windows-x86_64 | 1.1.3 | 5.00 | 52.00 | 57.00 | NOTE | |
| r-oldrel-macos-arm64 | 1.1.3 | 1.00 | 28.00 | 29.00 | NOTE | |
| r-oldrel-macos-x86_64 | 1.1.3 | 2.00 | 35.00 | 37.00 | NOTE | |
| r-oldrel-windows-x86_64 | 1.1.3 | 6.00 | 60.00 | 66.00 | NOTE | 
Version: 1.1.3
Check: Rd files
Result: NOTE
  checkRd: (-1) MVNtestchar-package.Rd:16-17: Lost braces; missing escapes or markup?
      16 | {Provides a test of multivariate normality of a sample which does not require estimation of the nuisance parameters, the mean      vector and covariance matrix.  Rather, a sequence of transformations removes these nuisance parameters, resulting in a set of    sample matrices that are positive definite.  If, and only if the original data is multivariate normal, these matrices are       uniformly distributed on the space of positive definite matrices in the unit hyper-rectangle.  The package performs a goodness    of fit test of this hypothesis. In addition to the test, functions in the package give visualizations of the  support region    of positive definite matrices for p equals 2.
         | ^
Flavors: r-devel-linux-x86_64-debian-clang, r-devel-linux-x86_64-debian-gcc, r-devel-linux-x86_64-fedora-clang, r-devel-linux-x86_64-fedora-gcc, r-devel-windows-x86_64, r-patched-linux-x86_64, r-release-linux-x86_64, r-release-macos-arm64, r-release-macos-x86_64, r-release-windows-x86_64, r-oldrel-macos-arm64, r-oldrel-macos-x86_64, r-oldrel-windows-x86_64
Version: 1.1.3
Check: dependencies in R code
Result: NOTE
  Namespaces in Imports field not imported from:
    ‘ggplot2’ ‘grDevices’ ‘knitr’ ‘utils’
    All declared Imports should be used.
Flavors: r-devel-linux-x86_64-fedora-clang, r-devel-linux-x86_64-fedora-gcc