Last updated on 2025-07-28 05:50:27 CEST.
Flavor | Version | Tinstall | Tcheck | Ttotal | Status | Flags |
---|---|---|---|---|---|---|
r-devel-linux-x86_64-debian-clang | 0.1.0 | 16.65 | 118.50 | 135.15 | OK | |
r-devel-linux-x86_64-debian-gcc | 0.1.0 | 13.22 | 89.98 | 103.20 | OK | |
r-devel-linux-x86_64-fedora-clang | 0.1.0 | 213.82 | NOTE | |||
r-devel-linux-x86_64-fedora-gcc | 0.1.0 | 213.06 | NOTE | |||
r-devel-windows-x86_64 | 0.1.0 | 17.00 | 111.00 | 128.00 | OK | |
r-patched-linux-x86_64 | 0.1.0 | 15.21 | 112.36 | 127.57 | OK | |
r-release-linux-x86_64 | 0.1.0 | 15.53 | 112.11 | 127.64 | OK | |
r-release-macos-arm64 | 0.1.0 | 61.00 | OK | |||
r-release-macos-x86_64 | 0.1.0 | 103.00 | OK | |||
r-release-windows-x86_64 | 0.1.0 | 16.00 | 131.00 | 147.00 | OK | |
r-oldrel-macos-arm64 | 0.1.0 | 59.00 | OK | |||
r-oldrel-macos-x86_64 | 0.1.0 | 91.00 | OK | |||
r-oldrel-windows-x86_64 | 0.1.0 | 22.00 | 138.00 | 160.00 | OK |
Version: 0.1.0
Check: dependencies in R code
Result: NOTE
Namespaces in Imports field not imported from:
‘shinythemes’ ‘topicmodels’
All declared Imports should be used.
Flavors: r-devel-linux-x86_64-fedora-clang, r-devel-linux-x86_64-fedora-gcc