Last updated on 2025-07-21 05:51:04 CEST.
Flavor | Version | Tinstall | Tcheck | Ttotal | Status | Flags |
---|---|---|---|---|---|---|
r-devel-linux-x86_64-debian-clang | 1.0 | 32.26 | 83.48 | 115.74 | NOTE | |
r-devel-linux-x86_64-debian-gcc | 1.0 | 21.73 | 60.73 | 82.46 | NOTE | |
r-devel-linux-x86_64-fedora-clang | 1.0 | 185.27 | NOTE | |||
r-devel-linux-x86_64-fedora-gcc | 1.0 | 176.89 | NOTE | |||
r-devel-windows-x86_64 | 1.0 | 33.00 | 108.00 | 141.00 | OK | |
r-patched-linux-x86_64 | 1.0 | 30.46 | 79.76 | 110.22 | OK | |
r-release-linux-x86_64 | 1.0 | 30.10 | 78.81 | 108.91 | OK | |
r-release-macos-arm64 | 1.0 | 50.00 | OK | |||
r-release-macos-x86_64 | 1.0 | 93.00 | OK | |||
r-release-windows-x86_64 | 1.0 | 33.00 | 105.00 | 138.00 | OK | |
r-oldrel-macos-arm64 | 1.0 | 50.00 | OK | |||
r-oldrel-macos-x86_64 | 1.0 | 71.00 | OK | |||
r-oldrel-windows-x86_64 | 1.0 | 45.00 | 134.00 | 179.00 | OK |
Version: 1.0
Check: CRAN incoming feasibility
Result: NOTE
Maintainer: ‘Chong Wu <wuxx0845@umn.edu>’
No Authors@R field in DESCRIPTION.
Please add one, modifying
Authors@R: c(person(given = "Chong",
family = "Wu",
role = c("aut", "cre"),
email = "wuxx0845@umn.edu"),
person(given = "Wei",
family = "Pan",
role = "aut"))
as necessary.
Flavors: r-devel-linux-x86_64-debian-clang, r-devel-linux-x86_64-debian-gcc
Version: 1.0
Check: compiled code
Result: NOTE
File ‘MiSPU/libs/MiSPU.so’:
Found no calls to: ‘R_registerRoutines’, ‘R_useDynamicSymbols’
It is good practice to register native routines and to disable symbol
search.
See ‘Writing portable packages’ in the ‘Writing R Extensions’ manual.
Flavors: r-devel-linux-x86_64-fedora-clang, r-devel-linux-x86_64-fedora-gcc