Last updated on 2025-11-24 04:50:02 CET.
| Flavor | Version | Tinstall | Tcheck | Ttotal | Status | Flags |
|---|---|---|---|---|---|---|
| r-devel-linux-x86_64-debian-clang | 1.0 | 6.76 | 77.09 | 83.85 | NOTE | |
| r-devel-linux-x86_64-debian-gcc | 1.0 | 5.76 | 56.56 | 62.32 | NOTE | |
| r-devel-linux-x86_64-fedora-clang | 1.0 | 42.00 | 98.84 | 140.84 | OK | |
| r-devel-windows-x86_64 | 1.0 | 11.00 | 83.00 | 94.00 | OK | |
| r-patched-linux-x86_64 | 1.0 | 8.82 | 73.19 | 82.01 | OK | |
| r-release-linux-x86_64 | 1.0 | 8.33 | 74.06 | 82.39 | OK | |
| r-release-macos-arm64 | 1.0 | OK | ||||
| r-release-macos-x86_64 | 1.0 | 6.00 | 58.00 | 64.00 | OK | |
| r-release-windows-x86_64 | 1.0 | 10.00 | 99.00 | 109.00 | OK | |
| r-oldrel-macos-arm64 | 1.0 | OK | ||||
| r-oldrel-macos-x86_64 | 1.0 | 10.00 | 70.00 | 80.00 | OK | |
| r-oldrel-windows-x86_64 | 1.0 | 13.00 | 99.00 | 112.00 | OK |
Version: 1.0
Check: CRAN incoming feasibility
Result: NOTE
Maintainer: ‘Rawan Allozi <ralloz2@uic.edu>’
No Authors@R field in DESCRIPTION.
Please add one, modifying
Authors@R: c(person(given = "Rawan",
family = "Allozi",
role = c("aut", "cre"),
email = "ralloz2@uic.edu"),
person(given = "Hakan",
family = "Demirtas",
role = "aut"))
as necessary.
Flavors: r-devel-linux-x86_64-debian-clang, r-devel-linux-x86_64-debian-gcc