Last updated on 2025-10-30 04:50:25 CET.
| Flavor | Version | Tinstall | Tcheck | Ttotal | Status | Flags | 
|---|---|---|---|---|---|---|
| r-devel-linux-x86_64-debian-clang | 1.1.5 | 12.85 | 25.48 | 38.33 | NOTE | |
| r-devel-linux-x86_64-debian-gcc | 1.1.5 | 8.88 | 20.52 | 29.40 | NOTE | |
| r-devel-linux-x86_64-fedora-clang | 1.1.5 | 30.00 | 36.05 | 66.05 | OK | |
| r-devel-linux-x86_64-fedora-gcc | 1.1.5 | 24.00 | 35.10 | 59.10 | OK | |
| r-devel-windows-x86_64 | 1.1.5 | 15.00 | 57.00 | 72.00 | OK | |
| r-patched-linux-x86_64 | 1.1.5 | 12.24 | 24.12 | 36.36 | OK | |
| r-release-linux-x86_64 | 1.1.5 | 12.39 | 24.18 | 36.57 | OK | |
| r-release-macos-arm64 | 1.1.5 | 6.00 | 16.00 | 22.00 | OK | |
| r-release-macos-x86_64 | 1.1.5 | 10.00 | 26.00 | 36.00 | OK | |
| r-release-windows-x86_64 | 1.1.5 | 16.00 | 62.00 | 78.00 | OK | |
| r-oldrel-macos-arm64 | 1.1.5 | 6.00 | 22.00 | 28.00 | OK | |
| r-oldrel-macos-x86_64 | 1.1.5 | 8.00 | 22.00 | 30.00 | OK | |
| r-oldrel-windows-x86_64 | 1.1.5 | 15.00 | 70.00 | 85.00 | OK | 
Version: 1.1.5
Check: CRAN incoming feasibility
Result: NOTE
  Maintainer: ‘Raziur Rahman <razeeebuet@gmail.com>’
  
  No Authors@R field in DESCRIPTION.
  Please add one, modifying
    Authors@R: person(given = "Raziur",
                      family = "Rahman",
                      role = c("aut", "cre"),
                      email = "razeeebuet@gmail.com")
  as necessary.
Flavors: r-devel-linux-x86_64-debian-clang, r-devel-linux-x86_64-debian-gcc