Last updated on 2025-05-19 05:50:04 CEST.
Flavor | Version | Tinstall | Tcheck | Ttotal | Status | Flags |
---|---|---|---|---|---|---|
r-devel-linux-x86_64-debian-clang | 1.0 | 8.88 | 100.32 | 109.20 | NOTE | |
r-devel-linux-x86_64-debian-gcc | 1.0 | 7.29 | 70.68 | 77.97 | NOTE | |
r-devel-linux-x86_64-fedora-clang | 1.0 | 178.20 | OK | |||
r-devel-linux-x86_64-fedora-gcc | 1.0 | 184.67 | OK | |||
r-devel-windows-x86_64 | 1.0 | 13.00 | 108.00 | 121.00 | OK | |
r-patched-linux-x86_64 | 1.0 | 9.38 | 95.27 | 104.65 | OK | |
r-release-linux-x86_64 | 1.0 | 9.69 | 95.88 | 105.57 | OK | |
r-release-macos-arm64 | 1.0 | 53.00 | OK | |||
r-release-macos-x86_64 | 1.0 | 108.00 | OK | |||
r-release-windows-x86_64 | 1.0 | 12.00 | 110.00 | 122.00 | OK | |
r-oldrel-macos-arm64 | 1.0 | 50.00 | OK | |||
r-oldrel-macos-x86_64 | 1.0 | 95.00 | OK | |||
r-oldrel-windows-x86_64 | 1.0 | 14.00 | 136.00 | 150.00 | OK |
Version: 1.0
Check: CRAN incoming feasibility
Result: NOTE
Maintainer: ‘Marina Gomtsyan <mgomtsian@gmail.com>’
The Description field contains
<arXiv:2307.00929>.
Please refer to arXiv e-prints via their arXiv DOI <doi:10.48550/arXiv.YYMM.NNNNN>.
Flavors: r-devel-linux-x86_64-debian-clang, r-devel-linux-x86_64-debian-gcc