Last updated on 2025-11-25 04:50:22 CET.
| Flavor | Version | Tinstall | Tcheck | Ttotal | Status | Flags |
|---|---|---|---|---|---|---|
| r-devel-linux-x86_64-debian-clang | 1.2.5 | 4.44 | 50.47 | 54.91 | OK | |
| r-devel-linux-x86_64-debian-gcc | 1.2.5 | 3.06 | 38.63 | 41.69 | OK | |
| r-devel-linux-x86_64-fedora-clang | 1.2.5 | 85.85 | NOTE | |||
| r-devel-linux-x86_64-fedora-gcc | 1.2.5 | 93.01 | NOTE | |||
| r-devel-windows-x86_64 | 1.2.5 | 9.00 | 68.00 | 77.00 | OK | |
| r-patched-linux-x86_64 | 1.2.5 | 4.10 | 47.91 | 52.01 | OK | |
| r-release-linux-x86_64 | 1.2.5 | 4.45 | 47.27 | 51.72 | OK | |
| r-release-macos-arm64 | 1.2.5 | OK | ||||
| r-release-macos-x86_64 | 1.2.5 | 7.00 | 100.00 | 107.00 | OK | |
| r-release-windows-x86_64 | 1.2.5 | 8.00 | 85.00 | 93.00 | OK | |
| r-oldrel-macos-arm64 | 1.2.5 | OK | ||||
| r-oldrel-macos-x86_64 | 1.2.5 | 7.00 | 113.00 | 120.00 | OK | |
| r-oldrel-windows-x86_64 | 1.2.5 | 8.00 | 81.00 | 89.00 | OK |
Version: 1.2.5
Check: dependencies in R code
Result: NOTE
Namespace in Imports field not imported from: ‘tibble’
All declared Imports should be used.
Flavors: r-devel-linux-x86_64-fedora-clang, r-devel-linux-x86_64-fedora-gcc