Last updated on 2024-06-16 05:53:00 CEST.
Flavor | Version | Tinstall | Tcheck | Ttotal | Status | Flags |
---|---|---|---|---|---|---|
r-devel-linux-x86_64-debian-clang | 2.21.11 | 1715.55 | 410.46 | 2126.01 | NOTE | |
r-devel-linux-x86_64-debian-gcc | 2.21.11 | 1329.71 | 452.17 | 1781.88 | NOTE | |
r-devel-linux-x86_64-fedora-clang | 2.21.11 | 2797.81 | NOTE | |||
r-devel-linux-x86_64-fedora-gcc | 2.21.11 | 3055.30 | NOTE | |||
r-devel-windows-x86_64 | 2.21.11 | 1213.00 | 477.00 | 1690.00 | NOTE | |
r-patched-linux-x86_64 | 2.21.11 | 1671.03 | 580.73 | 2251.76 | NOTE | |
r-release-linux-x86_64 | 2.21.11 | 1654.02 | 576.92 | 2230.94 | NOTE | |
r-release-macos-arm64 | 2.21.11 | 563.00 | NOTE | |||
r-release-macos-x86_64 | 2.21.11 | 540.00 | NOTE | |||
r-release-windows-x86_64 | 2.21.11 | 1230.00 | 473.00 | 1703.00 | NOTE | |
r-oldrel-macos-arm64 | 2.21.11 | 492.00 | NOTE | |||
r-oldrel-macos-x86_64 | 2.21.11 | 373.00 | NOTE | |||
r-oldrel-windows-x86_64 | 2.21.11 | 1562.00 | 617.00 | 2179.00 | NOTE |
Version: 2.21.11
Check: for GNU extensions in Makefiles
Result: NOTE
GNU make is a SystemRequirements.
Flavors: r-devel-linux-x86_64-debian-clang, r-devel-linux-x86_64-debian-gcc, r-devel-linux-x86_64-fedora-clang, r-devel-linux-x86_64-fedora-gcc, r-devel-windows-x86_64, r-patched-linux-x86_64, r-release-linux-x86_64, r-release-macos-arm64, r-release-macos-x86_64, r-release-windows-x86_64, r-oldrel-macos-arm64, r-oldrel-macos-x86_64, r-oldrel-windows-x86_64
Version: 2.21.11
Check: installed package size
Result: NOTE
installed size is 17.3Mb
sub-directories of 1Mb or more:
R 2.6Mb
data 1.4Mb
libs 6.1Mb
models 4.8Mb
Flavors: r-devel-linux-x86_64-fedora-clang, r-devel-windows-x86_64, r-release-macos-arm64, r-release-macos-x86_64, r-release-windows-x86_64, r-oldrel-macos-arm64, r-oldrel-macos-x86_64, r-oldrel-windows-x86_64