Last updated on 2025-10-31 04:50:54 CET.
| Flavor | Version | Tinstall | Tcheck | Ttotal | Status | Flags | 
|---|---|---|---|---|---|---|
| r-devel-linux-x86_64-debian-clang | 0.1.0 | 5.01 | 51.68 | 56.69 | NOTE | |
| r-devel-linux-x86_64-debian-gcc | 0.1.0 | 4.95 | 39.33 | 44.28 | NOTE | |
| r-devel-linux-x86_64-fedora-clang | 0.1.0 | 13.00 | 87.41 | 100.41 | OK | |
| r-devel-linux-x86_64-fedora-gcc | 0.1.0 | 13.00 | 69.55 | 82.55 | OK | |
| r-devel-windows-x86_64 | 0.1.0 | 7.00 | 70.00 | 77.00 | OK | |
| r-patched-linux-x86_64 | 0.1.0 | 6.10 | 49.64 | 55.74 | OK | |
| r-release-linux-x86_64 | 0.1.0 | 5.89 | 49.80 | 55.69 | OK | |
| r-release-macos-arm64 | 0.1.0 | 6.00 | 28.00 | 34.00 | OK | |
| r-release-macos-x86_64 | 0.1.0 | 8.00 | 56.00 | 64.00 | OK | |
| r-release-windows-x86_64 | 0.1.0 | 7.00 | 64.00 | 71.00 | OK | |
| r-oldrel-macos-arm64 | 0.1.0 | 3.00 | 25.00 | 28.00 | OK | |
| r-oldrel-macos-x86_64 | 0.1.0 | 4.00 | 37.00 | 41.00 | OK | |
| r-oldrel-windows-x86_64 | 0.1.0 | 9.00 | 78.00 | 87.00 | OK | 
Version: 0.1.0
Check: CRAN incoming feasibility
Result: NOTE
  Maintainer: ‘Xiaoyan Wang<xywang@ucla.edu>’
  
  No Authors@R field in DESCRIPTION.
  Please add one, modifying
    Authors@R: c(person(given = "Xiaoyan",
                        family = "Wang",
                        role = c("aut", "cre"),
                        email = "xywang@ucla.edu"),
                 person(given = "Gang",
                        family = "Li",
                        role = "aut"))
  as necessary.
  
  The Description field contains
    to Gang Li and Xiaoyan Wang (2016) <arXiv:1611.03063> for more details.
  Please refer to arXiv e-prints via their arXiv DOI <doi:10.48550/arXiv.YYMM.NNNNN>.
Flavors: r-devel-linux-x86_64-debian-clang, r-devel-linux-x86_64-debian-gcc