CRAN Package Check Results for Package POET

Last updated on 2025-05-16 05:49:15 CEST.

Flavor Version Tinstall Tcheck Ttotal Status Flags
r-devel-linux-x86_64-debian-clang 2.0 2.02 23.88 25.90 NOTE
r-devel-linux-x86_64-debian-gcc 2.0 1.55 17.26 18.81 NOTE
r-devel-linux-x86_64-fedora-clang 2.0 39.89 OK
r-devel-linux-x86_64-fedora-gcc 2.0 38.07 OK
r-devel-windows-x86_64 2.0 3.00 39.00 42.00 OK
r-patched-linux-x86_64 2.0 2.04 22.67 24.71 OK
r-release-linux-x86_64 2.0 1.72 23.15 24.87 OK
r-release-macos-arm64 2.0 16.00 OK
r-release-macos-x86_64 2.0 25.00 OK
r-release-windows-x86_64 2.0 2.00 39.00 41.00 OK
r-oldrel-macos-arm64 2.0 16.00 OK
r-oldrel-macos-x86_64 2.0 22.00 OK
r-oldrel-windows-x86_64 2.0 2.00 40.00 42.00 OK

Check Details

Version: 2.0
Check: CRAN incoming feasibility
Result: NOTE Maintainer: ‘Martina Mincheva <m.z.mincheva@gmail.com>’ No Authors@R field in DESCRIPTION. Please add one, modifying Authors@R: c(person(given = "Jianqing", family = "Fan", role = "aut"), person(given = "Yuan", family = "Liao", role = "aut"), person(given = "Martina", family = "Mincheva", role = c("aut", "cre"), email = "m.z.mincheva@gmail.com")) as necessary. Flavors: r-devel-linux-x86_64-debian-clang, r-devel-linux-x86_64-debian-gcc