Last updated on 2025-05-18 05:50:58 CEST.
Flavor | Version | Tinstall | Tcheck | Ttotal | Status | Flags |
---|---|---|---|---|---|---|
r-devel-linux-x86_64-debian-clang | 1.0.1 | 3.15 | 37.57 | 40.72 | NOTE | |
r-devel-linux-x86_64-debian-gcc | 1.0.1 | 2.22 | 26.81 | 29.03 | NOTE | |
r-devel-linux-x86_64-fedora-clang | 1.0.1 | 65.11 | OK | |||
r-devel-linux-x86_64-fedora-gcc | 1.0.1 | 60.87 | OK | |||
r-devel-windows-x86_64 | 1.0.1 | 5.00 | 59.00 | 64.00 | OK | |
r-patched-linux-x86_64 | 1.0.1 | 2.90 | 35.83 | 38.73 | OK | |
r-release-linux-x86_64 | 1.0.1 | 3.10 | 35.91 | 39.01 | OK | |
r-release-macos-arm64 | 1.0.1 | 28.00 | OK | |||
r-release-macos-x86_64 | 1.0.1 | 42.00 | OK | |||
r-release-windows-x86_64 | 1.0.1 | 4.00 | 68.00 | 72.00 | OK | |
r-oldrel-macos-arm64 | 1.0.1 | 22.00 | OK | |||
r-oldrel-macos-x86_64 | 1.0.1 | 32.00 | OK | |||
r-oldrel-windows-x86_64 | 1.0.1 | 6.00 | 71.00 | 77.00 | OK |
Version: 1.0.1
Check: CRAN incoming feasibility
Result: NOTE
Maintainer: ‘Gavin Douglas <gavinmdouglas@gmail.com>’
Package CITATION file contains call(s) to old-style citEntry(). Please
use bibentry() instead.
Flavors: r-devel-linux-x86_64-debian-clang, r-devel-linux-x86_64-debian-gcc