Last updated on 2025-04-30 05:49:49 CEST.
Flavor | Version | Tinstall | Tcheck | Ttotal | Status | Flags |
---|---|---|---|---|---|---|
r-devel-linux-x86_64-debian-clang | 0.1.0 | 34.30 | 259.01 | 293.31 | OK | |
r-devel-linux-x86_64-debian-gcc | 0.1.0 | 22.89 | 181.86 | 204.75 | OK | |
r-devel-linux-x86_64-fedora-clang | 0.1.0 | 443.03 | OK | |||
r-devel-linux-x86_64-fedora-gcc | 0.1.0 | 436.50 | OK | |||
r-devel-windows-x86_64 | 0.1.0 | 33.00 | 212.00 | 245.00 | OK | |
r-patched-linux-x86_64 | 0.1.0 | 30.04 | 247.61 | 277.65 | OK | |
r-release-linux-x86_64 | 0.1.0 | 30.21 | 244.59 | 274.80 | OK | |
r-release-macos-arm64 | 0.1.0 | 5.00 | ERROR | |||
r-release-macos-x86_64 | 0.1.0 | 6.00 | ERROR | |||
r-release-windows-x86_64 | 0.1.0 | 34.00 | 211.00 | 245.00 | OK | |
r-oldrel-macos-arm64 | 0.1.0 | 11.00 | ERROR | |||
r-oldrel-macos-x86_64 | 0.1.0 | 12.00 | ERROR | |||
r-oldrel-windows-x86_64 | 0.1.0 | 40.00 | 291.00 | 331.00 | OK |
Version: 0.1.0
Check: package dependencies
Result: ERROR
Packages required but not available: 'org.Hs.eg.db', 'ReactomePA'
See section ‘The DESCRIPTION file’ in the ‘Writing R Extensions’
manual.
Flavor: r-release-macos-arm64
Version: 0.1.0
Check: package dependencies
Result: ERROR
Package required but not available: ‘ReactomePA’
See section ‘The DESCRIPTION file’ in the ‘Writing R Extensions’
manual.
Flavors: r-release-macos-x86_64, r-oldrel-macos-arm64, r-oldrel-macos-x86_64