Last updated on 2025-07-27 05:48:39 CEST.
Flavor | Version | Tinstall | Tcheck | Ttotal | Status | Flags |
---|---|---|---|---|---|---|
r-devel-linux-x86_64-debian-clang | 1.0.3 | 9.15 | 21.63 | 30.78 | NOTE | |
r-devel-linux-x86_64-debian-gcc | 1.0.3 | 5.87 | 17.96 | 23.83 | NOTE | |
r-devel-linux-x86_64-fedora-clang | 1.0.3 | 53.01 | NOTE | |||
r-devel-linux-x86_64-fedora-gcc | 1.0.3 | 47.32 | NOTE | |||
r-devel-windows-x86_64 | 1.0.3 | 13.00 | 70.00 | 83.00 | NOTE | |
r-patched-linux-x86_64 | 1.0.3 | 8.67 | 20.93 | 29.60 | NOTE | |
r-release-linux-x86_64 | 1.0.3 | 8.51 | 20.84 | 29.35 | NOTE | |
r-release-macos-arm64 | 1.0.3 | 21.00 | NOTE | |||
r-release-macos-x86_64 | 1.0.3 | 31.00 | NOTE | |||
r-release-windows-x86_64 | 1.0.3 | 10.00 | 60.00 | 70.00 | NOTE | |
r-oldrel-macos-arm64 | 1.0.3 | 21.00 | NOTE | |||
r-oldrel-macos-x86_64 | 1.0.3 | 40.00 | NOTE | |||
r-oldrel-windows-x86_64 | 1.0.3 | 14.00 | 69.00 | 83.00 | NOTE |
Version: 1.0.3
Check: C++ specification
Result: NOTE
Specified C++11: please drop specification unless essential
Flavors: r-devel-linux-x86_64-debian-clang, r-devel-linux-x86_64-debian-gcc, r-devel-linux-x86_64-fedora-clang, r-devel-linux-x86_64-fedora-gcc, r-devel-windows-x86_64, r-patched-linux-x86_64, r-release-linux-x86_64, r-release-macos-arm64, r-release-macos-x86_64, r-release-windows-x86_64, r-oldrel-macos-arm64, r-oldrel-macos-x86_64, r-oldrel-windows-x86_64
Version: 1.0.3
Check: LazyData
Result: NOTE
'LazyData' is specified without a 'data' directory
Flavors: r-oldrel-macos-arm64, r-oldrel-macos-x86_64, r-oldrel-windows-x86_64