Last updated on 2025-10-09 14:50:29 CEST.
Flavor | Version | Tinstall | Tcheck | Ttotal | Status | Flags |
---|---|---|---|---|---|---|
r-devel-linux-x86_64-debian-clang | 1.7.1 | 35.69 | 57.25 | 92.94 | NOTE | |
r-devel-linux-x86_64-debian-gcc | 1.7.1 | 26.24 | 42.24 | 68.48 | NOTE | |
r-devel-linux-x86_64-fedora-clang | 1.7.1 | 148.27 | OK | |||
r-devel-linux-x86_64-fedora-gcc | 1.7.1 | 140.05 | OK | |||
r-devel-windows-x86_64 | 1.7.1 | 35.00 | 72.00 | 107.00 | OK | |
r-patched-linux-x86_64 | 1.7.1 | 32.96 | 54.34 | 87.30 | OK | |
r-release-linux-x86_64 | 1.7.1 | 34.82 | 54.71 | 89.53 | OK | |
r-release-macos-arm64 | 1.7.1 | 46.00 | OK | |||
r-release-macos-x86_64 | 1.7.1 | 81.00 | OK | |||
r-release-windows-x86_64 | 1.7.1 | 38.00 | 71.00 | 109.00 | OK | |
r-oldrel-macos-arm64 | 1.7.1 | 49.00 | OK | |||
r-oldrel-macos-x86_64 | 1.7.1 | 61.00 | OK | |||
r-oldrel-windows-x86_64 | 1.7.1 | 48.00 | 87.00 | 135.00 | OK |
Version: 1.7.1
Check: CRAN incoming feasibility
Result: NOTE
Maintainer: ‘Przemyslaw Biecek <przemyslaw.biecek@gmail.com>’
No Authors@R field in DESCRIPTION.
Please add one, modifying
Authors@R: person(given = "Przemyslaw",
family = "Biecek",
role = c("aut", "cre"),
email = "przemyslaw.biecek@gmail.com")
as necessary.
Flavors: r-devel-linux-x86_64-debian-clang, r-devel-linux-x86_64-debian-gcc