Last updated on 2025-11-24 04:50:05 CET.
| Flavor | Version | Tinstall | Tcheck | Ttotal | Status | Flags |
|---|---|---|---|---|---|---|
| r-devel-linux-x86_64-debian-clang | 0.1.7 | 2.75 | 30.72 | 33.47 | OK | |
| r-devel-linux-x86_64-debian-gcc | 0.1.7 | 1.93 | 24.97 | 26.90 | OK | |
| r-devel-linux-x86_64-fedora-clang | 0.1.7 | 51.55 | OK | |||
| r-devel-windows-x86_64 | 0.1.7 | 5.00 | 48.00 | 53.00 | OK | |
| r-patched-linux-x86_64 | 0.1.7 | 2.61 | 29.14 | 31.75 | OK | |
| r-release-linux-x86_64 | 0.1.7 | 2.72 | 29.25 | 31.97 | OK | |
| r-release-macos-arm64 | 0.1.7 | OK | ||||
| r-release-macos-x86_64 | 0.1.7 | 3.00 | 86.00 | 89.00 | OK | |
| r-release-windows-x86_64 | 0.1.7 | 5.00 | 60.00 | 65.00 | OK | |
| r-oldrel-macos-arm64 | 0.1.7 | NOTE | ||||
| r-oldrel-macos-x86_64 | 0.1.7 | 2.00 | 34.00 | 36.00 | NOTE | |
| r-oldrel-windows-x86_64 | 0.1.7 | 6.00 | 55.00 | 61.00 | NOTE |
Version: 0.1.7
Check: LazyData
Result: NOTE
'LazyData' is specified without a 'data' directory
Flavors: r-oldrel-macos-arm64, r-oldrel-macos-x86_64, r-oldrel-windows-x86_64