CRAN Package Check Results for Package QuantPsyc

Last updated on 2025-11-24 04:50:05 CET.

Flavor Version Tinstall Tcheck Ttotal Status Flags
r-devel-linux-x86_64-debian-clang 1.6 5.03 41.27 46.30 NOTE
r-devel-linux-x86_64-debian-gcc 1.6 3.16 30.24 33.40 NOTE
r-devel-linux-x86_64-fedora-clang 1.6 10.00 58.79 68.79 OK
r-devel-windows-x86_64 1.6 9.00 57.00 66.00 OK
r-patched-linux-x86_64 1.6 4.90 37.35 42.25 OK
r-release-linux-x86_64 1.6 4.04 37.56 41.60 OK
r-release-macos-arm64 1.6 OK
r-release-macos-x86_64 1.6 4.00 36.00 40.00 OK
r-release-windows-x86_64 1.6 7.00 74.00 81.00 OK
r-oldrel-macos-arm64 1.6 OK
r-oldrel-macos-x86_64 1.6 3.00 31.00 34.00 OK
r-oldrel-windows-x86_64 1.6 8.00 66.00 74.00 OK

Check Details

Version: 1.6
Check: CRAN incoming feasibility
Result: NOTE Maintainer: ‘Thomas D. Fletcher <t.d.fletcher05@gmail.com>’ No Authors@R field in DESCRIPTION. Please add one, modifying Authors@R: person(given = c("Thomas", "D."), family = "Fletcher", role = c("aut", "cre"), email = "t.d.fletcher05@gmail.com") as necessary. Flavors: r-devel-linux-x86_64-debian-clang, r-devel-linux-x86_64-debian-gcc