CRAN Package Check Results for Package RBE3

Last updated on 2025-10-09 14:50:30 CEST.

Flavor Version Tinstall Tcheck Ttotal Status Flags
r-devel-linux-x86_64-debian-clang 1.1 2.05 26.44 28.49 NOTE
r-devel-linux-x86_64-debian-gcc 1.1 1.43 20.89 22.32 NOTE
r-devel-linux-x86_64-fedora-clang 1.1 44.25 OK
r-devel-linux-x86_64-fedora-gcc 1.1 41.70 OK
r-devel-windows-x86_64 1.1 3.00 51.00 54.00 OK
r-patched-linux-x86_64 1.1 2.02 25.21 27.23 OK
r-release-linux-x86_64 1.1 1.71 25.11 26.82 OK
r-release-macos-arm64 1.1 18.00 OK
r-release-macos-x86_64 1.1 32.00 OK
r-release-windows-x86_64 1.1 4.00 54.00 58.00 OK
r-oldrel-macos-arm64 1.1 16.00 OK
r-oldrel-macos-x86_64 1.1 27.00 OK
r-oldrel-windows-x86_64 1.1 3.00 50.00 53.00 OK

Check Details

Version: 1.1
Check: CRAN incoming feasibility
Result: NOTE Maintainer: ‘Diego Gallardo <dgallardo@ubiobio.cl>’ The Description field contains Gallardo and Saulo <arXiv:2110.04428> The package also provides tools Please refer to arXiv e-prints via their arXiv DOI <doi:10.48550/arXiv.YYMM.NNNNN>. Flavors: r-devel-linux-x86_64-debian-clang, r-devel-linux-x86_64-debian-gcc