CRAN Package Check Results for Package RBNZ

Last updated on 2025-07-04 05:49:31 CEST.

Flavor Version Tinstall Tcheck Ttotal Status Flags
r-devel-linux-x86_64-debian-clang 1.1.0 4.56 46.83 51.39 OK
r-devel-linux-x86_64-debian-gcc 1.1.0 3.43 35.53 38.96 OK
r-devel-linux-x86_64-fedora-clang 1.1.0 77.64 OK
r-devel-linux-x86_64-fedora-gcc 1.1.0 89.00 OK
r-devel-windows-x86_64 1.1.0 8.00 72.00 80.00 OK
r-patched-linux-x86_64 1.1.0 5.43 43.34 48.77 OK
r-release-linux-x86_64 1.1.0 4.82 43.29 48.11 OK
r-release-macos-arm64 1.1.0 33.00 OK
r-release-macos-x86_64 1.1.0 72.00 OK
r-release-windows-x86_64 1.1.0 7.00 72.00 79.00 OK
r-oldrel-macos-arm64 1.1.0 33.00 NOTE
r-oldrel-macos-x86_64 1.1.0 65.00 NOTE
r-oldrel-windows-x86_64 1.1.0 9.00 83.00 92.00 NOTE

Check Details

Version: 1.1.0
Check: LazyData
Result: NOTE 'LazyData' is specified without a 'data' directory Flavors: r-oldrel-macos-arm64, r-oldrel-macos-x86_64, r-oldrel-windows-x86_64