Last updated on 2025-05-22 05:51:12 CEST.
Flavor | Version | Tinstall | Tcheck | Ttotal | Status | Flags |
---|---|---|---|---|---|---|
r-devel-linux-x86_64-debian-clang | 1.0.0 | 4.34 | 62.74 | 67.08 | OK | |
r-devel-linux-x86_64-debian-gcc | 1.0.0 | 2.95 | 40.15 | 43.10 | OK | |
r-devel-linux-x86_64-fedora-clang | 1.0.0 | 109.20 | OK | |||
r-devel-linux-x86_64-fedora-gcc | 1.0.0 | 100.25 | OK | |||
r-devel-windows-x86_64 | 1.0.0 | 9.00 | 87.00 | 96.00 | OK | |
r-patched-linux-x86_64 | 1.0.0 | 3.89 | 57.81 | 61.70 | OK | |
r-release-linux-x86_64 | 1.0.0 | 3.70 | 57.97 | 61.67 | OK | |
r-release-macos-arm64 | 1.0.0 | 31.00 | OK | |||
r-release-macos-x86_64 | 1.0.0 | 21.00 | ERROR | |||
r-release-windows-x86_64 | 1.0.0 | 8.00 | 104.00 | 112.00 | OK | |
r-oldrel-macos-arm64 | 1.0.0 | 30.00 | OK | |||
r-oldrel-macos-x86_64 | 1.0.0 | 48.00 | OK | |||
r-oldrel-windows-x86_64 | 1.0.0 | 8.00 | 93.00 | 101.00 | OK |
Version: 1.0.0
Check: whether package can be installed
Result: ERROR
Installation failed.
Flavor: r-release-macos-x86_64