Last updated on 2025-05-24 05:51:17 CEST.
Flavor | Version | Tinstall | Tcheck | Ttotal | Status | Flags |
---|---|---|---|---|---|---|
r-devel-linux-x86_64-debian-clang | 1.0 | 3.06 | 38.14 | 41.20 | NOTE | |
r-devel-linux-x86_64-debian-gcc | 1.0 | 2.88 | 28.84 | 31.72 | NOTE | |
r-devel-linux-x86_64-fedora-clang | 1.0 | 64.51 | OK | |||
r-devel-linux-x86_64-fedora-gcc | 1.0 | 65.51 | OK | |||
r-devel-windows-x86_64 | 1.0 | 4.00 | 104.00 | 108.00 | OK | |
r-patched-linux-x86_64 | 1.0 | 3.97 | 35.73 | 39.70 | OK | |
r-release-linux-x86_64 | 1.0 | 3.87 | 35.68 | 39.55 | OK | |
r-release-macos-arm64 | 1.0 | 26.00 | OK | |||
r-release-macos-x86_64 | 1.0 | 41.00 | OK | |||
r-release-windows-x86_64 | 1.0 | 4.00 | 67.00 | 71.00 | OK | |
r-oldrel-macos-arm64 | 1.0 | 25.00 | OK | |||
r-oldrel-macos-x86_64 | 1.0 | 38.00 | OK | |||
r-oldrel-windows-x86_64 | 1.0 | 5.00 | 69.00 | 74.00 | OK |
Version: 1.0
Check: CRAN incoming feasibility
Result: NOTE
Maintainer: ‘Feng Chen <feng.chen@unsw.edu.au>’
Package CITATION file contains call(s) to old-style citEntry(). Please
use bibentry() instead.
Flavors: r-devel-linux-x86_64-debian-clang, r-devel-linux-x86_64-debian-gcc