CRAN Package Check Results for Package ROAuth

Last updated on 2025-11-24 04:50:07 CET.

Flavor Version Tinstall Tcheck Ttotal Status Flags
r-devel-linux-x86_64-debian-clang 0.9.6 3.64 25.93 29.57 NOTE
r-devel-linux-x86_64-debian-gcc 0.9.6 2.66 21.05 23.71 NOTE
r-devel-linux-x86_64-fedora-clang 0.9.6 44.39 OK
r-devel-windows-x86_64 0.9.6 5.00 42.00 47.00 OK
r-patched-linux-x86_64 0.9.6 3.34 24.78 28.12 OK
r-release-linux-x86_64 0.9.6 3.02 24.71 27.73 OK
r-release-macos-arm64 0.9.6 OK
r-release-macos-x86_64 0.9.6 3.00 26.00 29.00 OK
r-release-windows-x86_64 0.9.6 6.00 55.00 61.00 OK
r-oldrel-macos-arm64 0.9.6 OK
r-oldrel-macos-x86_64 0.9.6 2.00 29.00 31.00 OK
r-oldrel-windows-x86_64 0.9.6 7.00 50.00 57.00 OK

Check Details

Version: 0.9.6
Check: CRAN incoming feasibility
Result: NOTE Maintainer: ‘Pablo Barbera <pablo.barbera@nyu.edu>’ No Authors@R field in DESCRIPTION. Please add one, modifying Authors@R: c(person(given = "Jeff", family = "Gentry", role = "aut", email = "geoffjentry@gmail.com"), person(given = c("Duncan", "Temple"), family = "Lang", role = "aut", email = "duncan@r-project.org"), person(given = "Pablo", family = "Barbera", role = "cre", email = "pablo.barbera@nyu.edu")) as necessary. Flavors: r-devel-linux-x86_64-debian-clang, r-devel-linux-x86_64-debian-gcc