Last updated on 2024-06-17 05:49:07 CEST.
Flavor | Version | Tinstall | Tcheck | Ttotal | Status | Flags |
---|---|---|---|---|---|---|
r-devel-linux-x86_64-debian-clang | 0.7-10 | 5.33 | 22.85 | 28.18 | OK | |
r-devel-linux-x86_64-debian-gcc | 0.7-10 | 3.83 | 17.70 | 21.53 | OK | |
r-devel-linux-x86_64-fedora-clang | 0.7-10 | 34.76 | OK | |||
r-devel-linux-x86_64-fedora-gcc | 0.7-10 | 32.90 | OK | |||
r-devel-windows-x86_64 | 0.7-10 | 10.00 | 93.00 | 103.00 | NOTE | |
r-patched-linux-x86_64 | 0.7-10 | 4.82 | 22.37 | 27.19 | OK | |
r-release-linux-x86_64 | 0.7-10 | 3.95 | 21.72 | 25.67 | OK | |
r-release-macos-arm64 | 0.7-10 | 16.00 | OK | |||
r-release-macos-x86_64 | 0.7-10 | 32.00 | OK | |||
r-release-windows-x86_64 | 0.7-10 | 11.00 | 89.00 | 100.00 | NOTE | |
r-oldrel-macos-arm64 | 0.7-10 | 21.00 | OK | |||
r-oldrel-macos-x86_64 | 0.7-10 | 40.00 | OK | |||
r-oldrel-windows-x86_64 | 0.7-10 | 16.00 | 97.00 | 113.00 | OK |
Version: 0.7-10
Check: installed package size
Result: NOTE
installed size is 5.2Mb
sub-directories of 1Mb or more:
libs 5.1Mb
Flavors: r-devel-windows-x86_64, r-release-windows-x86_64