Last updated on 2025-11-25 04:50:31 CET.
| Flavor | Version | Tinstall | Tcheck | Ttotal | Status | Flags |
|---|---|---|---|---|---|---|
| r-devel-linux-x86_64-debian-clang | 0.1.3 | 1.62 | 17.98 | 19.60 | NOTE | |
| r-devel-linux-x86_64-debian-gcc | 0.1.3 | 1.41 | 15.46 | 16.87 | NOTE | |
| r-devel-linux-x86_64-fedora-clang | 0.1.3 | 28.88 | OK | |||
| r-devel-linux-x86_64-fedora-gcc | 0.1.3 | 27.10 | OK | |||
| r-devel-windows-x86_64 | 0.1.3 | 4.00 | 36.00 | 40.00 | OK | |
| r-patched-linux-x86_64 | 0.1.3 | 1.65 | 17.07 | 18.72 | OK | |
| r-release-linux-x86_64 | 0.1.3 | 1.64 | 17.06 | 18.70 | OK | |
| r-release-macos-arm64 | 0.1.3 | OK | ||||
| r-release-macos-x86_64 | 0.1.3 | 2.00 | 28.00 | 30.00 | OK | |
| r-release-windows-x86_64 | 0.1.3 | 3.00 | 35.00 | 38.00 | OK | |
| r-oldrel-macos-arm64 | 0.1.3 | OK | ||||
| r-oldrel-macos-x86_64 | 0.1.3 | 1.00 | 18.00 | 19.00 | OK | |
| r-oldrel-windows-x86_64 | 0.1.3 | 2.00 | 40.00 | 42.00 | OK |
Version: 0.1.3
Check: CRAN incoming feasibility
Result: NOTE
Maintainer: ‘Johannes Burkhardt <johannes.burkhardt@gmail.com>’
No Authors@R field in DESCRIPTION.
Please add one, modifying
Authors@R: person(given = "Johannes",
family = "Burkhardt",
role = c("aut", "cre"),
email = "johannes.burkhardt@gmail.com")
as necessary.
Flavors: r-devel-linux-x86_64-debian-clang, r-devel-linux-x86_64-debian-gcc