Last updated on 2025-11-24 04:50:06 CET.
| Flavor | Version | Tinstall | Tcheck | Ttotal | Status | Flags |
|---|---|---|---|---|---|---|
| r-devel-linux-x86_64-debian-clang | 1.0.0 | 5.61 | 84.51 | 90.12 | NOTE | |
| r-devel-linux-x86_64-debian-gcc | 1.0.0 | 3.61 | 56.98 | 60.59 | NOTE | |
| r-devel-linux-x86_64-fedora-clang | 1.0.0 | 11.00 | 124.99 | 135.99 | OK | |
| r-devel-windows-x86_64 | 1.0.0 | 10.00 | 99.00 | 109.00 | OK | |
| r-patched-linux-x86_64 | 1.0.0 | 6.56 | 73.18 | 79.74 | OK | |
| r-release-linux-x86_64 | 1.0.0 | 5.57 | 73.22 | 78.79 | OK | |
| r-release-macos-arm64 | 1.0.0 | OK | ||||
| r-release-macos-x86_64 | 1.0.0 | 4.00 | 75.00 | 79.00 | OK | |
| r-release-windows-x86_64 | 1.0.0 | 8.00 | 98.00 | 106.00 | OK | |
| r-oldrel-macos-arm64 | 1.0.0 | OK | ||||
| r-oldrel-macos-x86_64 | 1.0.0 | 4.00 | 76.00 | 80.00 | OK | |
| r-oldrel-windows-x86_64 | 1.0.0 | 11.00 | 123.00 | 134.00 | OK |
Version: 1.0.0
Check: CRAN incoming feasibility
Result: NOTE
Maintainer: ‘Steven Sanderson <spsanderson@gmail.com>’
Found the following (possibly) invalid URLs:
URL: https://lifecycle.r-lib.org/articles/stages.html##experimental
From: README.md
Message: Invalid URL: '#' not allowed in fragment
Flavors: r-devel-linux-x86_64-debian-clang, r-devel-linux-x86_64-debian-gcc