Last updated on 2025-05-22 05:51:12 CEST.
Flavor | Version | Tinstall | Tcheck | Ttotal | Status | Flags |
---|---|---|---|---|---|---|
r-devel-linux-x86_64-debian-clang | 3.2 | 36.03 | 247.11 | 283.14 | NOTE | |
r-devel-linux-x86_64-debian-gcc | 3.2 | 27.92 | 182.97 | 210.89 | NOTE | |
r-devel-linux-x86_64-fedora-clang | 3.2 | 480.36 | OK | |||
r-devel-linux-x86_64-fedora-gcc | 3.2 | 468.52 | OK | |||
r-devel-windows-x86_64 | 3.2 | 31.00 | 225.00 | 256.00 | OK | |
r-patched-linux-x86_64 | 3.2 | 35.08 | 234.90 | 269.98 | OK | |
r-release-linux-x86_64 | 3.2 | 34.28 | 233.89 | 268.17 | OK | |
r-release-macos-arm64 | 3.2 | 214.00 | OK | |||
r-release-macos-x86_64 | 3.2 | 240.00 | OK | |||
r-release-windows-x86_64 | 3.2 | 34.00 | 249.00 | 283.00 | OK | |
r-oldrel-macos-arm64 | 3.2 | 156.00 | OK | |||
r-oldrel-macos-x86_64 | 3.2 | 191.00 | OK | |||
r-oldrel-windows-x86_64 | 3.2 | 36.00 | 257.00 | 293.00 | OK |
Version: 3.2
Check: CRAN incoming feasibility
Result: NOTE
Maintainer: ‘Arto Luoma <arto.luoma@wippies.com>’
No Authors@R field in DESCRIPTION.
Please add one, modifying
Authors@R: person(given = "Arto",
family = "Luoma",
role = c("aut", "cre"),
email = "arto.luoma@wippies.com")
as necessary.
Flavors: r-devel-linux-x86_64-debian-clang, r-devel-linux-x86_64-debian-gcc