Last updated on 2025-07-11 05:49:30 CEST.
Flavor | Version | Tinstall | Tcheck | Ttotal | Status | Flags |
---|---|---|---|---|---|---|
r-devel-linux-x86_64-debian-clang | 14.6.0-1 | 32.53 | 196.88 | 229.41 | OK | |
r-devel-linux-x86_64-debian-gcc | 14.6.0-1 | 22.87 | 141.47 | 164.34 | OK | |
r-devel-linux-x86_64-fedora-clang | 14.6.0-1 | 445.91 | OK | |||
r-devel-linux-x86_64-fedora-gcc | 14.6.0-1 | 376.22 | OK | |||
r-devel-windows-x86_64 | 14.6.0-1 | 47.00 | 277.00 | 324.00 | OK | |
r-patched-linux-x86_64 | 14.6.0-1 | 29.74 | 182.33 | 212.07 | OK | |
r-release-linux-x86_64 | 14.4.3-1 | 28.79 | 181.39 | 210.18 | OK | |
r-release-macos-arm64 | 14.4.3-1 | 135.00 | OK | |||
r-release-macos-x86_64 | 14.6.0-1 | 280.00 | OK | |||
r-release-windows-x86_64 | 14.6.0-1 | 67.00 | 295.00 | 362.00 | OK | |
r-oldrel-macos-arm64 | 14.4.3-1 | 124.00 | NOTE | |||
r-oldrel-macos-x86_64 | 14.6.0-1 | 270.00 | NOTE | |||
r-oldrel-windows-x86_64 | 14.6.0-1 | 72.00 | 323.00 | 395.00 | NOTE |
Version: 14.4.3-1
Check: installed package size
Result: NOTE
installed size is 9.6Mb
sub-directories of 1Mb or more:
include 6.6Mb
libs 2.2Mb
Flavor: r-oldrel-macos-arm64
Version: 14.6.0-1
Check: installed package size
Result: NOTE
installed size is 9.7Mb
sub-directories of 1Mb or more:
include 6.6Mb
libs 2.3Mb
Flavors: r-oldrel-macos-x86_64, r-oldrel-windows-x86_64