Last updated on 2025-11-24 04:50:06 CET.
| Flavor | Version | Tinstall | Tcheck | Ttotal | Status | Flags |
|---|---|---|---|---|---|---|
| r-devel-linux-x86_64-debian-clang | 0.1.0 | 12.40 | 27.57 | 39.97 | NOTE | |
| r-devel-linux-x86_64-debian-gcc | 0.1.0 | 8.45 | 21.70 | 30.15 | NOTE | |
| r-devel-linux-x86_64-fedora-clang | 0.1.0 | 29.00 | 34.00 | 63.00 | NOTE | |
| r-devel-windows-x86_64 | 0.1.0 | 20.00 | 65.00 | 85.00 | NOTE | |
| r-patched-linux-x86_64 | 0.1.0 | 12.63 | 24.85 | 37.48 | NOTE | |
| r-release-linux-x86_64 | 0.1.0 | 12.54 | 24.64 | 37.18 | NOTE | |
| r-release-macos-arm64 | 0.1.0 | NOTE | ||||
| r-release-macos-x86_64 | 0.1.0 | 14.00 | 33.00 | 47.00 | NOTE | |
| r-release-windows-x86_64 | 0.1.0 | 14.00 | 72.00 | 86.00 | NOTE | |
| r-oldrel-macos-arm64 | 0.1.0 | NOTE | ||||
| r-oldrel-macos-x86_64 | 0.1.0 | 9.00 | 28.00 | 37.00 | NOTE | |
| r-oldrel-windows-x86_64 | 0.1.0 | 15.00 | 71.00 | 86.00 | NOTE |
Version: 0.1.0
Check: C++ specification
Result: NOTE
Specified C++11: please drop specification unless essential
Flavors: r-devel-linux-x86_64-debian-clang, r-devel-linux-x86_64-debian-gcc, r-devel-linux-x86_64-fedora-clang, r-devel-windows-x86_64, r-patched-linux-x86_64, r-release-linux-x86_64, r-release-macos-arm64, r-release-macos-x86_64, r-release-windows-x86_64, r-oldrel-macos-arm64, r-oldrel-macos-x86_64, r-oldrel-windows-x86_64
Version: 0.1.0
Check: LazyData
Result: NOTE
'LazyData' is specified without a 'data' directory
Flavors: r-oldrel-macos-arm64, r-oldrel-macos-x86_64, r-oldrel-windows-x86_64