Last updated on 2025-11-05 04:50:40 CET.
| Flavor | Version | Tinstall | Tcheck | Ttotal | Status | Flags |
|---|---|---|---|---|---|---|
| r-devel-linux-x86_64-debian-clang | 0.6-0 | 28.24 | 108.73 | 136.97 | OK | |
| r-devel-linux-x86_64-debian-gcc | 0.6-0 | 22.77 | 88.38 | 111.15 | OK | |
| r-devel-linux-x86_64-fedora-clang | 0.6-0 | 49.00 | 176.05 | 225.05 | OK | |
| r-devel-linux-x86_64-fedora-gcc | 0.6-0 | 42.00 | 225.43 | 267.43 | OK | |
| r-devel-windows-x86_64 | 0.6-0 | 38.00 | 196.00 | 234.00 | OK | |
| r-patched-linux-x86_64 | 0.6-0 | 32.74 | 118.34 | 151.08 | OK | |
| r-release-linux-x86_64 | 0.6-0 | 31.24 | 119.51 | 150.75 | OK | |
| r-release-macos-arm64 | 0.6-0 | 12.00 | 54.00 | 66.00 | OK | |
| r-release-macos-x86_64 | 0.6-0 | 27.00 | 119.00 | 146.00 | OK | |
| r-release-windows-x86_64 | 0.6-0 | 37.00 | 188.00 | 225.00 | OK | |
| r-oldrel-macos-arm64 | 0.6-0 | 11.00 | 54.00 | 65.00 | NOTE | |
| r-oldrel-macos-x86_64 | 0.6-0 | 14.00 | 97.00 | 111.00 | NOTE | |
| r-oldrel-windows-x86_64 | 0.6-0 | 46.00 | 210.00 | 256.00 | OK |
Version: 0.6-0
Check: installed package size
Result: NOTE
installed size is 6.6Mb
sub-directories of 1Mb or more:
libs 6.0Mb
Flavors: r-oldrel-macos-arm64, r-oldrel-macos-x86_64