Last updated on 2025-11-23 04:50:29 CET.
| Flavor | Version | Tinstall | Tcheck | Ttotal | Status | Flags |
|---|---|---|---|---|---|---|
| r-devel-linux-x86_64-debian-clang | 5.1.11-1 | 41.08 | 52.90 | 93.98 | OK | |
| r-devel-linux-x86_64-debian-gcc | 5.1.11-1 | 27.48 | 37.86 | 65.34 | OK | |
| r-devel-linux-x86_64-fedora-clang | 5.1.11-1 | 134.00 | 67.55 | 201.55 | OK | |
| r-devel-windows-x86_64 | 5.1.11-1 | 223.00 | 106.00 | 329.00 | OK | |
| r-patched-linux-x86_64 | 5.1.11-1 | 36.47 | 51.02 | 87.49 | OK | |
| r-release-linux-x86_64 | 5.1.11-1 | 36.15 | 50.15 | 86.30 | OK | |
| r-release-macos-arm64 | 5.1.11-1 | OK | ||||
| r-release-macos-x86_64 | 5.1.11-1 | 31.00 | 105.00 | 136.00 | OK | |
| r-release-windows-x86_64 | 5.1.11-1 | 178.00 | 159.00 | 337.00 | OK | |
| r-oldrel-macos-arm64 | 5.1.11-1 | NOTE | ||||
| r-oldrel-macos-x86_64 | 5.1.11-1 | 33.00 | 94.00 | 127.00 | NOTE | |
| r-oldrel-windows-x86_64 | 5.1.11-1 | 180.00 | 110.00 | 290.00 | NOTE |
Version: 5.1.11-1
Check: for GNU extensions in Makefiles
Result: NOTE
GNU make is a SystemRequirements.
Flavors: r-oldrel-macos-arm64, r-oldrel-macos-x86_64, r-oldrel-windows-x86_64