Last updated on 2025-11-24 04:50:06 CET.
| Flavor | Version | Tinstall | Tcheck | Ttotal | Status | Flags |
|---|---|---|---|---|---|---|
| r-devel-linux-x86_64-debian-clang | 0.0.6 | 9.17 | 27.29 | 36.46 | NOTE | |
| r-devel-linux-x86_64-debian-gcc | 0.0.6 | 6.93 | 21.91 | 28.84 | NOTE | |
| r-devel-linux-x86_64-fedora-clang | 0.0.6 | 22.00 | 34.18 | 56.18 | OK | |
| r-devel-windows-x86_64 | 0.0.6 | 18.00 | 66.00 | 84.00 | OK | |
| r-patched-linux-x86_64 | 0.0.6 | 10.87 | 25.67 | 36.54 | OK | |
| r-release-linux-x86_64 | 0.0.6 | 10.43 | 25.81 | 36.24 | OK | |
| r-release-macos-arm64 | 0.0.6 | OK | ||||
| r-release-macos-x86_64 | 0.0.6 | 11.00 | 31.00 | 42.00 | OK | |
| r-release-windows-x86_64 | 0.0.6 | 16.00 | 76.00 | 92.00 | OK | |
| r-oldrel-macos-arm64 | 0.0.6 | OK | ||||
| r-oldrel-macos-x86_64 | 0.0.6 | 8.00 | 28.00 | 36.00 | OK | |
| r-oldrel-windows-x86_64 | 0.0.6 | 17.00 | 73.00 | 90.00 | OK |
Version: 0.0.6
Check: CRAN incoming feasibility
Result: NOTE
Maintainer: ‘Dirk Eddelbuettel <edd@debian.org>’
No Authors@R field in DESCRIPTION.
Please add one, modifying
Authors@R: person(given = "Dirk",
family = "Eddelbuettel",
role = c("aut", "cre"),
email = "edd@debian.org")
as necessary.
Flavors: r-devel-linux-x86_64-debian-clang, r-devel-linux-x86_64-debian-gcc