Last updated on 2025-11-24 04:50:07 CET.
| Flavor | Version | Tinstall | Tcheck | Ttotal | Status | Flags |
|---|---|---|---|---|---|---|
| r-devel-linux-x86_64-debian-clang | 0.2.6 | 38.63 | 29.80 | 68.43 | OK | |
| r-devel-linux-x86_64-debian-gcc | 0.2.6 | 26.87 | 23.90 | 50.77 | OK | |
| r-devel-linux-x86_64-fedora-clang | 0.2.6 | 91.00 | 24.82 | 115.82 | OK | |
| r-devel-windows-x86_64 | 0.2.6 | 48.00 | 66.00 | 114.00 | OK | |
| r-patched-linux-x86_64 | 0.2.6 | 38.06 | 27.64 | 65.70 | OK | |
| r-release-linux-x86_64 | 0.2.6 | 39.47 | 27.63 | 67.10 | OK | |
| r-release-macos-arm64 | 0.2.6 | OK | ||||
| r-release-macos-x86_64 | 0.2.6 | 36.00 | 30.00 | 66.00 | OK | |
| r-release-windows-x86_64 | 0.2.6 | 46.00 | 104.00 | 150.00 | OK | |
| r-oldrel-macos-arm64 | 0.2.6 | NOTE | ||||
| r-oldrel-macos-x86_64 | 0.2.6 | 32.00 | 36.00 | 68.00 | NOTE | |
| r-oldrel-windows-x86_64 | 0.2.6 | 54.00 | 82.00 | 136.00 | OK |
Version: 0.2.6
Check: installed package size
Result: NOTE
installed size is 5.8Mb
sub-directories of 1Mb or more:
libs 5.6Mb
Flavors: r-oldrel-macos-arm64, r-oldrel-macos-x86_64