CRAN Package Check Results for Package Rmst

Last updated on 2025-04-17 05:49:54 CEST.

Flavor Version Tinstall Tcheck Ttotal Status Flags
r-devel-linux-x86_64-debian-clang 0.0.3 5.92 43.18 49.10 OK
r-devel-linux-x86_64-debian-gcc 0.0.3 3.88 32.12 36.00 OK
r-devel-linux-x86_64-fedora-clang 0.0.3 84.92 NOTE
r-devel-linux-x86_64-fedora-gcc 0.0.3 79.08 NOTE
r-devel-windows-x86_64 0.0.3 7.00 57.00 64.00 OK
r-patched-linux-x86_64 0.0.3 5.21 41.25 46.46 OK
r-release-linux-x86_64 0.0.3 3.73 41.15 44.88 OK
r-release-macos-arm64 0.0.3 24.00 OK
r-release-macos-x86_64 0.0.3 97.00 OK
r-release-windows-x86_64 0.0.3 8.00 60.00 68.00 OK
r-oldrel-macos-arm64 0.0.3 25.00 OK
r-oldrel-macos-x86_64 0.0.3 70.00 OK
r-oldrel-windows-x86_64 0.0.3 9.00 65.00 74.00 OK

Check Details

Version: 0.0.3
Check: dependencies in R code
Result: NOTE Namespace in Imports field not imported from: ‘reshape2’ All declared Imports should be used. Flavors: r-devel-linux-x86_64-fedora-clang, r-devel-linux-x86_64-fedora-gcc