Last updated on 2025-10-31 04:50:58 CET.
| Flavor | Version | Tinstall | Tcheck | Ttotal | Status | Flags | 
|---|---|---|---|---|---|---|
| r-devel-linux-x86_64-debian-clang | 3.6.0 | 45.80 | 121.20 | 167.00 | OK | |
| r-devel-linux-x86_64-debian-gcc | 3.6.0 | 26.66 | 84.69 | 111.35 | OK | |
| r-devel-linux-x86_64-fedora-clang | 3.6.0 | 286.00 | 40.88 | 326.88 | OK | |
| r-devel-linux-x86_64-fedora-gcc | 3.6.0 | 92.00 | 178.62 | 270.62 | OK | |
| r-devel-windows-x86_64 | 3.6.0 | 68.00 | 142.00 | 210.00 | OK | |
| r-patched-linux-x86_64 | 3.6.0 | 42.76 | 114.04 | 156.80 | OK | |
| r-release-linux-x86_64 | 3.6.0 | 40.90 | 112.88 | 153.78 | OK | |
| r-release-macos-arm64 | 3.6.0 | 23.00 | 64.00 | 87.00 | OK | |
| r-release-macos-x86_64 | 3.6.0 | 52.00 | 150.00 | 202.00 | OK | |
| r-release-windows-x86_64 | 3.6.0 | 71.00 | 146.00 | 217.00 | OK | |
| r-oldrel-macos-arm64 | 3.6.0 | 23.00 | 69.00 | 92.00 | NOTE | |
| r-oldrel-macos-x86_64 | 3.6.0 | 55.00 | 204.00 | 259.00 | NOTE | |
| r-oldrel-windows-x86_64 | 3.6.0 | 82.00 | 174.00 | 256.00 | OK | 
Version: 3.6.0
Check: installed package size
Result: NOTE
    installed size is  6.1Mb
    sub-directories of 1Mb or more:
      doc    3.0Mb
      libs   1.7Mb
Flavors: r-oldrel-macos-arm64, r-oldrel-macos-x86_64