Last updated on 2025-11-01 04:50:40 CET.
| Flavor | Version | Tinstall | Tcheck | Ttotal | Status | Flags |
|---|---|---|---|---|---|---|
| r-devel-linux-x86_64-debian-clang | 3.2 | 8.78 | 71.95 | 80.73 | NOTE | |
| r-devel-linux-x86_64-debian-gcc | 3.2 | 5.87 | 52.60 | 58.47 | NOTE | |
| r-devel-linux-x86_64-fedora-clang | 3.2 | 18.00 | 104.90 | 122.90 | OK | |
| r-devel-linux-x86_64-fedora-gcc | 3.2 | 19.00 | 100.62 | 119.62 | OK | |
| r-devel-windows-x86_64 | 3.2 | 10.00 | 81.00 | 91.00 | OK | |
| r-patched-linux-x86_64 | 3.2 | 8.86 | 68.15 | 77.01 | OK | |
| r-release-linux-x86_64 | 3.2 | 8.86 | 68.55 | 77.41 | OK | |
| r-release-macos-arm64 | 3.2 | 4.00 | 37.00 | 41.00 | OK | |
| r-release-macos-x86_64 | 3.2 | 7.00 | 55.00 | 62.00 | OK | |
| r-release-windows-x86_64 | 3.2 | 10.00 | 83.00 | 93.00 | OK | |
| r-oldrel-macos-arm64 | 3.2 | 4.00 | 30.00 | 34.00 | OK | |
| r-oldrel-macos-x86_64 | 3.2 | 7.00 | 45.00 | 52.00 | OK | |
| r-oldrel-windows-x86_64 | 3.2 | 13.00 | 104.00 | 117.00 | OK |
Version: 3.2
Check: CRAN incoming feasibility
Result: NOTE
Maintainer: ‘Layla Parast <parast@austin.utexas.edu>’
No Authors@R field in DESCRIPTION.
Please add one, modifying
Authors@R: person(given = "Layla",
family = "Parast",
role = c("aut", "cre"),
email = "parast@austin.utexas.edu")
as necessary.
Flavors: r-devel-linux-x86_64-debian-clang, r-devel-linux-x86_64-debian-gcc