CRAN Package Check Results for Package SPreg

Last updated on 2025-10-11 05:50:27 CEST.

Flavor Version Tinstall Tcheck Ttotal Status Flags
r-devel-linux-x86_64-debian-clang 1.0 2.68 25.46 28.14 NOTE
r-devel-linux-x86_64-debian-gcc 1.0 1.99 20.99 22.98 NOTE
r-devel-linux-x86_64-fedora-clang 1.0 43.11 OK
r-devel-linux-x86_64-fedora-gcc 1.0 39.36 OK
r-devel-windows-x86_64 1.0 3.00 42.00 45.00 OK
r-patched-linux-x86_64 1.0 2.68 24.63 27.31 OK
r-release-linux-x86_64 1.0 2.60 24.45 27.05 OK
r-release-macos-arm64 1.0 37.00 OK
r-release-macos-x86_64 1.0 35.00 OK
r-release-windows-x86_64 1.0 4.00 44.00 48.00 OK
r-oldrel-macos-arm64 1.0 18.00 OK
r-oldrel-macos-x86_64 1.0 26.00 OK
r-oldrel-windows-x86_64 1.0 5.00 49.00 54.00 OK

Check Details

Version: 1.0
Check: CRAN incoming feasibility
Result: NOTE Maintainer: ‘DongHyuk Lee <leedhyuk@gmail.com>’ No Authors@R field in DESCRIPTION. Please add one, modifying Authors@R: c(person(given = "DongHyuk", family = "Lee", role = c("aut", "cre"), email = "leedhyuk@gmail.com"), person(given = "Samiran", family = "Sinha", role = "aut")) as necessary. Flavors: r-devel-linux-x86_64-debian-clang, r-devel-linux-x86_64-debian-gcc