Last updated on 2025-05-20 05:50:24 CEST.
Flavor | Version | Tinstall | Tcheck | Ttotal | Status | Flags |
---|---|---|---|---|---|---|
r-devel-linux-x86_64-debian-clang | 1.0 | 1.89 | 21.96 | 23.85 | NOTE | |
r-devel-linux-x86_64-debian-gcc | 1.0 | 1.56 | 17.95 | 19.51 | NOTE | |
r-devel-linux-x86_64-fedora-clang | 1.0 | 37.02 | OK | |||
r-devel-linux-x86_64-fedora-gcc | 1.0 | 35.37 | OK | |||
r-devel-windows-x86_64 | 1.0 | 3.00 | 44.00 | 47.00 | OK | |
r-patched-linux-x86_64 | 1.0 | 2.08 | 21.40 | 23.48 | OK | |
r-release-linux-x86_64 | 1.0 | 1.81 | 20.97 | 22.78 | OK | |
r-release-macos-arm64 | 1.0 | 15.00 | OK | |||
r-release-macos-x86_64 | 1.0 | 39.00 | OK | |||
r-release-windows-x86_64 | 1.0 | 3.00 | 53.00 | 56.00 | OK | |
r-oldrel-macos-arm64 | 1.0 | 15.00 | OK | |||
r-oldrel-macos-x86_64 | 1.0 | 30.00 | OK | |||
r-oldrel-windows-x86_64 | 1.0 | 3.00 | 49.00 | 52.00 | OK |
Version: 1.0
Check: CRAN incoming feasibility
Result: NOTE
Maintainer: ‘Mingli Lei<leimingli2013@sjtu.edu.cn>’
No Authors@R field in DESCRIPTION.
Please add one, modifying
Authors@R: c(person(given = "Mingli",
family = "Lei",
role = c("aut", "cre"),
email = "leimingli2013@sjtu.edu.cn"),
person(given = "Jia",
family = "Xu",
role = "aut"),
person(given = "Li-Ching",
family = "Huang",
role = "aut"),
person(given = "Lily",
family = "Wang",
role = "aut"),
person(given = "Jing",
family = "Li",
role = "aut"))
as necessary.
Flavors: r-devel-linux-x86_64-debian-clang, r-devel-linux-x86_64-debian-gcc