CRAN Package Check Results for Package Sim.PLFN

Last updated on 2025-11-24 04:50:09 CET.

Flavor Version Tinstall Tcheck Ttotal Status Flags
r-devel-linux-x86_64-debian-clang 1.0 2.34 27.41 29.75 NOTE
r-devel-linux-x86_64-debian-gcc 1.0 1.86 21.97 23.83 NOTE
r-devel-linux-x86_64-fedora-clang 1.0 44.47 OK
r-devel-windows-x86_64 1.0 4.00 45.00 49.00 OK
r-patched-linux-x86_64 1.0 2.28 25.77 28.05 OK
r-release-linux-x86_64 1.0 2.04 25.86 27.90 OK
r-release-macos-arm64 1.0 OK
r-release-macos-x86_64 1.0 2.00 30.00 32.00 OK
r-release-windows-x86_64 1.0 3.00 55.00 58.00 OK
r-oldrel-macos-arm64 1.0 OK
r-oldrel-macos-x86_64 1.0 2.00 23.00 25.00 OK
r-oldrel-windows-x86_64 1.0 3.00 52.00 55.00 OK

Check Details

Version: 1.0
Check: CRAN incoming feasibility
Result: NOTE Maintainer: ‘Abbas Parchami <parchami@uk.ac.ir>’ No Authors@R field in DESCRIPTION. Please add one, modifying Authors@R: person(given = "Abbas", family = "Parchami", role = c("aut", "cre"), email = "parchami@uk.ac.ir", comment = "Department of Statistics, Faculty of Mathematics and Computer, Shahid Bahonar University of Kerman, Kerman, Iran") as necessary. Flavors: r-devel-linux-x86_64-debian-clang, r-devel-linux-x86_64-debian-gcc