Last updated on 2024-06-17 05:49:09 CEST.
Flavor | Version | Tinstall | Tcheck | Ttotal | Status | Flags |
---|---|---|---|---|---|---|
r-devel-linux-x86_64-debian-clang | 0.1 | 5.08 | 71.17 | 76.25 | NOTE | |
r-devel-linux-x86_64-debian-gcc | 0.1 | 6.68 | 52.85 | 59.53 | NOTE | |
r-devel-linux-x86_64-fedora-clang | 0.1 | 95.95 | NOTE | |||
r-devel-linux-x86_64-fedora-gcc | 0.1 | 92.73 | NOTE | |||
r-devel-windows-x86_64 | 0.1 | 7.00 | 66.00 | 73.00 | OK | |
r-patched-linux-x86_64 | 0.1 | 7.89 | 65.66 | 73.55 | NOTE | |
r-release-linux-x86_64 | 0.1 | 7.45 | 65.78 | 73.23 | NOTE | |
r-release-macos-arm64 | 0.1 | 31.00 | OK | |||
r-release-macos-x86_64 | 0.1 | 48.00 | OK | |||
r-release-windows-x86_64 | 0.1 | 7.00 | 70.00 | 77.00 | OK | |
r-oldrel-macos-arm64 | 0.1 | 35.00 | OK | |||
r-oldrel-macos-x86_64 | 0.1 | 50.00 | OK | |||
r-oldrel-windows-x86_64 | 0.1 | 9.00 | 81.00 | 90.00 | OK |
Version: 0.1
Check: for non-standard things in the check directory
Result: NOTE
Found the following files/directories:
‘database.csv’ ‘output.csv’ ‘output_clst.csv’
Flavors: r-devel-linux-x86_64-debian-clang, r-devel-linux-x86_64-debian-gcc, r-devel-linux-x86_64-fedora-clang, r-devel-linux-x86_64-fedora-gcc, r-patched-linux-x86_64, r-release-linux-x86_64