CRAN Package Check Results for Package SmoothTensor

Last updated on 2025-07-20 05:48:35 CEST.

Flavor Version Tinstall Tcheck Ttotal Status Flags
r-devel-linux-x86_64-debian-clang 0.1.1 5.46 54.59 60.05 NOTE
r-devel-linux-x86_64-debian-gcc 0.1.1 5.78 42.55 48.33 NOTE
r-devel-linux-x86_64-fedora-clang 0.1.1 93.98 NOTE
r-devel-linux-x86_64-fedora-gcc 0.1.1 89.72 NOTE
r-devel-windows-x86_64 0.1.1 7.00 67.00 74.00 NOTE
r-patched-linux-x86_64 0.1.1 7.30 52.23 59.53 NOTE
r-release-linux-x86_64 0.1.1 6.89 52.04 58.93 NOTE
r-release-macos-arm64 0.1.1 34.00 NOTE
r-release-macos-x86_64 0.1.1 60.00 NOTE
r-release-windows-x86_64 0.1.1 7.00 66.00 73.00 NOTE
r-oldrel-macos-arm64 0.1.1 30.00 NOTE
r-oldrel-macos-x86_64 0.1.1 45.00 NOTE
r-oldrel-windows-x86_64 0.1.1 9.00 78.00 87.00 NOTE

Check Details

Version: 0.1.1
Check: CRAN incoming feasibility
Result: NOTE Maintainer: ‘Chanwoo Lee <chanwoo.lee@wisc.edu>’ The Description field contains estimation with unknown permutations" <arXiv:2111.04681>. Please refer to arXiv e-prints via their arXiv DOI <doi:10.48550/arXiv.YYMM.NNNNN>. Flavors: r-devel-linux-x86_64-debian-clang, r-devel-linux-x86_64-debian-gcc

Version: 0.1.1
Check: package subdirectories
Result: NOTE Problems with news in ‘NEWS.md’: No news entries found. Flavors: r-devel-linux-x86_64-debian-clang, r-devel-linux-x86_64-debian-gcc, r-devel-linux-x86_64-fedora-clang, r-devel-linux-x86_64-fedora-gcc, r-devel-windows-x86_64, r-patched-linux-x86_64, r-release-linux-x86_64, r-release-macos-arm64, r-release-macos-x86_64, r-release-windows-x86_64, r-oldrel-macos-arm64, r-oldrel-macos-x86_64, r-oldrel-windows-x86_64

Version: 0.1.1
Check: dependencies in R code
Result: NOTE Namespace in Imports field not imported from: ‘methods’ All declared Imports should be used. Flavors: r-devel-linux-x86_64-fedora-clang, r-devel-linux-x86_64-fedora-gcc