Last updated on 2024-06-18 05:57:48 CEST.
Flavor | Version | Tinstall | Tcheck | Ttotal | Status | Flags |
---|---|---|---|---|---|---|
r-devel-linux-x86_64-debian-clang | 6.1.0 | 16.12 | 117.84 | 133.96 | OK | |
r-devel-linux-x86_64-debian-gcc | 6.1.0 | 14.87 | 84.18 | 99.05 | OK | |
r-devel-linux-x86_64-fedora-clang | 6.1.0 | 165.56 | NOTE | |||
r-devel-linux-x86_64-fedora-gcc | 6.1.0 | 175.88 | OK | |||
r-devel-windows-x86_64 | 6.1.0 | 18.00 | 115.00 | 133.00 | OK | |
r-patched-linux-x86_64 | 6.1.0 | 23.05 | 108.35 | 131.40 | OK | |
r-release-linux-x86_64 | 6.1.0 | 13.10 | 112.30 | 125.40 | OK | |
r-release-macos-arm64 | 6.1.0 | 55.00 | OK | |||
r-release-macos-x86_64 | 6.1.0 | 84.00 | OK | |||
r-release-windows-x86_64 | 6.1.0 | 18.00 | 116.00 | 134.00 | OK | |
r-oldrel-macos-arm64 | 6.1.0 | 62.00 | NOTE | |||
r-oldrel-macos-x86_64 | 6.1.0 | 131.00 | NOTE | |||
r-oldrel-windows-x86_64 | 6.1.0 | 22.00 | 140.00 | 162.00 | OK |
Version: 6.1.0
Check: Rd cross-references
Result: NOTE
Undeclared package ‘stringr’ in Rd xrefs
Flavor: r-devel-linux-x86_64-fedora-clang
Version: 6.1.0
Check: installed package size
Result: NOTE
installed size is 5.9Mb
sub-directories of 1Mb or more:
data 3.8Mb
extdata 1.1Mb
Flavors: r-oldrel-macos-arm64, r-oldrel-macos-x86_64